= -4*x - 2*y + 196. Suppose t = -3*t + 324. Let l = t - x. What is the highest common factor of 80 and l?
16
Let d(f) = f**3 - 2*f**2 - 3*f. Let y be d(3). Suppose y*h = 4*h - 16. What is the greatest common factor of h and 28?
4
Let w be 2 - 2 - 2 - -12. Let a(c) = c**3 + c**2 - 4*c - 4. Let l be a(-3). Let t = w - l. Calculate the greatest common divisor of t and 5.
5
Let q(t) = t**3 - 11*t**2 + 9*t + 6. Let h be q(10). Let j be (-1)/h - (-383)/4. Calculate the highest common factor of j and 12.
12
Let z = 219 + -366. Let y = z - -87. Let q be (2 - -12)*y/(-14). What is the highest common divisor of 24 and q?
12
Suppose -1 = j - 3. Suppose -9 + 1 = -j*a. What is the highest common factor of a and 1?
1
Suppose 0 = g - 4, g = 4*u - 212. Calculate the highest common divisor of 27 and u.
27
Let w(o) = 5*o**2 - 9*o + 3. Let x be w(-4). Calculate the greatest common divisor of 17 and x.
17
Let l = -102 - -278. Suppose -3*i - 2*i - 50 = 0. Let m be (-1)/5 - 162/i. Calculate the highest common divisor of m and l.
16
Let a = 1 - -15. Calculate the highest common divisor of a and 24.
8
Suppose -c - 1 = 5. Let o be c/5*30/(-9). Suppose o*v = -v + 525. What is the greatest common divisor of v and 15?
15
Suppose 5*q = 4*q + 16. Calculate the highest common divisor of 64 and q.
16
Let g be (-1)/(-3) - 84/(-18). Suppose 5*r - n = 44, -g*r + 5*n = 3*n - 43. Calculate the highest common divisor of 6 and r.
3
Let j = -46 - -49. Let y(t) = 5*t**2 + 2*t**3 - 4*t - 1 - 3*t**3 + 0*t**3. Let m be y(j). Calculate the highest common divisor of m and 40.
5
Let o = 172 - 87. Suppose 3*y = -0*y + 102. Calculate the highest common divisor of o and y.
17
Suppose 0 = c - 5*r - 49, 4*r = -2*c + 15 + 13. What is the greatest common factor of 168 and c?
24
Let j = 5 + 19. Calculate the highest common divisor of j and 24.
24
Let i be (2288/32)/(1/2). Calculate the highest common divisor of i and 13.
13
Let a be (0/2)/(2/(-2)). Suppose 4*s - k - k = 16, a = -4*s - 4*k - 8. Calculate the greatest common factor of s and 2.
2
Suppose -16 = -3*z + 2*g + 2, -2*z + 25 = 3*g. Suppose -2*m - z = -4*m. What is the highest common divisor of m and 1?
1
Let l(r) = 3*r**2 + r + 12. Let q be l(-3). What is the highest common divisor of q and 48?
12
Let a = 46 - 33. Let g(v) = -2*v + 1. Let u be g(-2). Suppose -713 = -u*i + 2*n, -3*i + 208 = -5*n - 216. Calculate the highest common divisor of a and i.
13
Let c be 16/(-20) + (-1947)/(-15). What is the highest common factor of 43 and c?
43
Suppose -2*a + 1 = -11. Let l be 110/a - 4/(-6). What is the greatest common factor of l and 171?
19
Let a = 55 - -11. Calculate the greatest common divisor of 6 and a.
6
Let l(p) = p**2 - 6*p + 4. Let r be l(6). What is the greatest common divisor of 1 and r?
1
Let a(k) = -k**3 + 7*k**2 - 6*k - 4. Let q be a(5). Let f(x) = -15*x**3 + 2*x**2 + 3*x + 2. Let v be f(-1). What is the highest common factor of v and q?
16
Suppose 2 + 14 = -4*h. Let k = h + 8. Calculate the highest common factor of 36 and k.
4
Let j(f) = -f. Let h be -3 - 7/(21/6). Let l be j(h). What is the greatest common divisor of l and 35?
5
Suppose 56 = 2*p + 2. Calculate the highest common divisor of 9 and p.
9
Suppose 1 = -k - w, 11*k - 4*w = 6*k + 13. What is the greatest common divisor of k and 1?
1
Suppose 5*u = -u + 390. Calculate the highest common divisor of 26 and u.
13
Let f(t) = -6*t - 6. Let y be f(-3). Calculate the highest common divisor of 24 and y.
12
Let f(m) = m + 6. Let c be f(-6). Suppose c = 3*o + 2*o - 20. Let u be o + 2 + 4/(-2). What is the greatest common factor of 1 and u?
1
Suppose -11 = -5*c + 9. Suppose c*x - 12 = 2*z + 3*z, -x + 3 = 0. Let w be 1*42*(4 + z). Calculate the highest common divisor of w and 21.
21
Let a = 35 + -10. What is the highest common divisor of a and 5?
5
Suppose 5*l + 3*a - 105 = 0, 3*l + 3*a = -a + 74. Let r be (0 - (-6)/(-9))*-3. What is the highest common factor of l and r?
2
Let v = -29 - -31. Suppose 0 = -w - 5*p - v, -2*p + 6 = -5*p. What is the highest common divisor of 1 and w?
1
Let p = -5 + 7. Suppose p*m - 12 = -0. Let t(i) = i**3 + 6*i**2 - 5*i + 4. Let g be t(-5). Calculate the highest common factor of m and g.
6
Let s be ((-8)/10)/((-3)/15). Suppose 0 = 2*p - 7*p + 5*i + 40, 5*p = -4*i + s. Let o = p + 4. Calculate the highest common factor of o and 2.
2
Let v be (-5)/(-25) - (-5598)/10. Let f = 492 - 876. Let u = v + f. Calculate the greatest common factor of 16 and u.
16
Let t = 95 - 32. Let u be (6/(-18))/((-1)/63). Calculate the greatest common divisor of t and u.
21
Let r(h) = h**3 - 9*h**2 + 3*h - 15. Let t be r(9). Calculate the highest common factor of t and 96.
12
Let r(l) = l + 7. Suppose 8 = -5*m - 17. Let k be r(m). Suppose -3*i - 20 = -4*u + 2*i, 5*u - 25 = k*i. What is the highest common divisor of 1 and u?
1
Let c be (-2*(-4)/8)/1. Let w(y) = 3*y - 1. Let i be w(-2). Let d be c - i/(7/10). What is the highest common divisor of 121 and d?
11
Suppose -320 = -t - t. Let u = -18 + 38. Calculate the greatest common divisor of t and u.
20
Suppose -3*h + 19 - 5 = t, 4*h = 3*t - 3. Calculate the highest common factor of 1 and t.
1
Let l(q) = -q**2 - 10*q + 9. Let a be l(-10). What is the highest common divisor of 9 and a?
9
Let r(i) = i**3 + 15*i**2 + 14*i + 5. Let z be r(-14). What is the greatest common divisor of 45 and z?
5
Suppose u + 2*s - 137 = 0, -4*u + 8*u + 5*s = 557. Suppose -5*n + p + 70 = 0, -2*p = -0*p + 10. What is the greatest common divisor of n and u?
13
Let h = 22 + -18. Suppose h*g = d + 8, 4*g + 35 = 4*d + 7. Calculate the greatest common divisor of d and 12.
12
Suppose -2*p + 4*p + 8 = 0. Let o be (-21 + -1)*10/p. What is the highest common divisor of o and 5?
5
Let s(i) = 2*i**2 + 3*i - 1. Let o be s(-5). Let f be 1*-102*(-18)/54. Calculate the highest common divisor of o and f.
34
Let m = 38 + -23. Let o(w) = -w**3 + 5*w**2 + 8*w - 8. Let u be o(6). Suppose k - 3*v = 13, -v - u*v = -k + m. What is the greatest common divisor of 40 and k?
10
Suppose -17 = 3*v + 4*l, -3*v - 3*l = -v + 12. Let j be v*((-6)/3 + 1). Suppose -j*k = -5 - 1. What is the highest common divisor of k and 16?
2
Let h(z) = -z**3 + 6*z**2 - 3*z + 4. Let x be h(5). Suppose 0*b = -b + x. Calculate the highest common divisor of 28 and b.
14
Suppose 2*j - 30 = -5*r - 3*j, 0 = -r - 4*j + 6. Let p = -2 + r. Let o(u) = 40*u - 6. Let q be o(p). What is the highest common divisor of 14 and q?
14
Suppose -275 = -5*k - 50. Calculate the greatest common factor of 15 and k.
15
Let w be (-1)/(-3) + 14/3. Suppose -4*y + 5*s = -264, 3*s = -w*y + 6*s + 330. Let k be (2 - 0)*y/4. What is the highest common factor of 11 and k?
11
Let r be 63/147 - (-130)/7. Calculate the greatest common factor of 209 and r.
19
Let t = 1 + 1. Suppose 0*u = -4*u - 20. Let h be (u - -2)*70/(-15). Calculate the greatest common factor of t and h.
2
Let w be 8*-3*(-6)/4. Let b = -27 + 51. What is the highest common factor of b and w?
12
Let k(y) = -6*y - 3. Let m be k(-9). Let a = m - 19. What is the greatest common divisor of 8 and a?
8
Let k(i) = 7*i**2 + i - 3. Let m be k(3). Let g be ((-2)/(-6))/(1/27). Calculate the greatest common divisor of g and m.
9
Suppose 3*q - 2618 = -4*q. Calculate the greatest common divisor of 34 and q.
34
Let u(h) = -h**3 - 8*h**2 + 4*h + 1. Let j be u(-7). Let o be (j/(-4))/(0 - -1). What is the greatest common factor of 19 and o?
19
Let h be (64/160)/((-1)/(-80)*2). What is the highest common divisor of h and 12?
4
Suppose 5*f - 54 = 2*f. Let y be (-1)/(2/(-2))*(13 - -14). Calculate the greatest common factor of f and y.
9
Let p = 5 + -5. Let l be 3 + 0 + (0 - p). What is the highest common factor of l and 21?
3
Let m be (-1)/(-2)*-2*-1. Let g(y) = y - 1. Let p be g(m). Suppose p = 3*o + 5*l - 175, 0*l - 73 = -o + 2*l. Calculate the greatest common factor of o and 26.
13
Suppose -382 = -4*i + 2*n - 92, 0 = 4*i + 4*n - 284. Suppose 0 = -o + 5*o - p - 73, -3*p - 3 = 0. Calculate the greatest common factor of i and o.
18
Let g(d) = 4*d - d**3 + 0*d**2 - 1 - 10*d - 5*d**2 + 0*d**2. Let u be g(-4). Let k be 2 + (-1)/((-1)/19). What is the greatest common divisor of u and k?
7
Let b(q) = q**3 - 3*q**2 - 4*q + 2. Let p be b(4). Suppose k = -5*l + 40, p*l - 112 = -5*k - l. Calculate the 